{"id":20,"date":"2011-02-06T15:28:18","date_gmt":"2011-02-06T15:28:18","guid":{"rendered":"http:\/\/blog.radiofabrik.at\/WarmUp\/"},"modified":"2011-02-06T15:33:38","modified_gmt":"2011-02-06T15:33:38","slug":"uber-susanne","status":"publish","type":"page","link":"https:\/\/blog.radiofabrik.at\/WarmUp\/about\/uber-susanne\/","title":{"rendered":"\u00dcber: Susanne"},"content":{"rendered":"<p><span style=\"font-family: Calibri, sans-serif\"><span style=\"font-size: x-small\"><a href=\"https:\/\/blog.radiofabrik.at\/WarmUp\/files\/2011\/02\/24226_100507426654797_100000866197900_12670_2034745_n.jpg\"><img loading=\"lazy\" decoding=\"async\" class=\"alignleft size-medium wp-image-21\" src=\"https:\/\/blog.radiofabrik.at\/WarmUp\/files\/2011\/02\/24226_100507426654797_100000866197900_12670_2034745_n-300x292.jpg\" alt=\"\" width=\"300\" height=\"292\" srcset=\"https:\/\/blog.radiofabrik.at\/WarmUp\/files\/2011\/02\/24226_100507426654797_100000866197900_12670_2034745_n-300x292.jpg 300w, https:\/\/blog.radiofabrik.at\/WarmUp\/files\/2011\/02\/24226_100507426654797_100000866197900_12670_2034745_n.jpg 413w\" sizes=\"auto, (max-width: 300px) 100vw, 300px\" \/><\/a>Susanne ist als heterosexuelle Frau eine wertvolle Erg\u00e4nzung und gro\u00dfe Unterst\u00fctzerin der HOSI Salzburg sowie unserer Anliegen. Sie bringt den Blick \u201evon Au\u00dfen\u201c in die Sendung ein und stellt Fragen, die allen Heteros auf der Zunge brennen. Sie m\u00f6chte, dass auch klar gemacht wird, dass heterosexuelle Menschen ebenfalls f\u00fcr die Rechte und Gleichstellung sexuell anders orientierter Menschen eintreten k\u00f6nnen und die sexuelle Orientierung im Grunde keine Rolle in der Definition eines Menschen spielt \u2013 Wir sind alle gleich \/ Keiner ist gleicher. Durch ihre Mitarbeit hat sie eine Vorbildrolle inne und sorgt f\u00fcr ein wichtiges Zeichen gesellschaftlicher Ver\u00e4nderung.<\/span><\/span><\/p>\n","protected":false},"excerpt":{"rendered":"<p>Susanne ist als heterosexuelle Frau eine wertvolle Erg\u00e4nzung und gro\u00dfe Unterst\u00fctzerin der HOSI Salzburg sowie unserer Anliegen. Sie bringt den Blick \u201evon Au\u00dfen\u201c in die Sendung ein und stellt Fragen, die allen Heteros auf der Zunge brennen. Sie m\u00f6chte, dass &hellip; <a href=\"https:\/\/blog.radiofabrik.at\/WarmUp\/about\/uber-susanne\/\">Weiterlesen <span class=\"meta-nav\">&rarr;<\/span><\/a><\/p>\n","protected":false},"author":210,"featured_media":0,"parent":2,"menu_order":0,"comment_status":"open","ping_status":"open","template":"","meta":{"footnotes":""},"class_list":["post-20","page","type-page","status-publish","hentry"],"_links":{"self":[{"href":"https:\/\/blog.radiofabrik.at\/WarmUp\/wp-json\/wp\/v2\/pages\/20","targetHints":{"allow":["GET"]}}],"collection":[{"href":"https:\/\/blog.radiofabrik.at\/WarmUp\/wp-json\/wp\/v2\/pages"}],"about":[{"href":"https:\/\/blog.radiofabrik.at\/WarmUp\/wp-json\/wp\/v2\/types\/page"}],"author":[{"embeddable":true,"href":"https:\/\/blog.radiofabrik.at\/WarmUp\/wp-json\/wp\/v2\/users\/210"}],"replies":[{"embeddable":true,"href":"https:\/\/blog.radiofabrik.at\/WarmUp\/wp-json\/wp\/v2\/comments?post=20"}],"version-history":[{"count":3,"href":"https:\/\/blog.radiofabrik.at\/WarmUp\/wp-json\/wp\/v2\/pages\/20\/revisions"}],"predecessor-version":[{"id":39,"href":"https:\/\/blog.radiofabrik.at\/WarmUp\/wp-json\/wp\/v2\/pages\/20\/revisions\/39"}],"up":[{"embeddable":true,"href":"https:\/\/blog.radiofabrik.at\/WarmUp\/wp-json\/wp\/v2\/pages\/2"}],"wp:attachment":[{"href":"https:\/\/blog.radiofabrik.at\/WarmUp\/wp-json\/wp\/v2\/media?parent=20"}],"curies":[{"name":"wp","href":"https:\/\/api.w.org\/{rel}","templated":true}]}}