{"id":23,"date":"2011-02-06T15:28:06","date_gmt":"2011-02-06T15:28:06","guid":{"rendered":"http:\/\/blog.radiofabrik.at\/WarmUp\/"},"modified":"2011-02-06T15:33:24","modified_gmt":"2011-02-06T15:33:24","slug":"uber-irene","status":"publish","type":"page","link":"https:\/\/blog.radiofabrik.at\/WarmUp\/about\/uber-irene\/","title":{"rendered":"\u00dcber: Irene"},"content":{"rendered":"<p><a href=\"https:\/\/blog.radiofabrik.at\/WarmUp\/files\/2011\/02\/132077_1766442367290_1426105610_1900838_1553668_o.jpg\"><img loading=\"lazy\" decoding=\"async\" class=\"alignleft size-medium wp-image-24\" src=\"https:\/\/blog.radiofabrik.at\/WarmUp\/files\/2011\/02\/132077_1766442367290_1426105610_1900838_1553668_o-300x194.jpg\" alt=\"\" width=\"300\" height=\"194\" srcset=\"https:\/\/blog.radiofabrik.at\/WarmUp\/files\/2011\/02\/132077_1766442367290_1426105610_1900838_1553668_o-300x194.jpg 300w, https:\/\/blog.radiofabrik.at\/WarmUp\/files\/2011\/02\/132077_1766442367290_1426105610_1900838_1553668_o-1024x665.jpg 1024w, https:\/\/blog.radiofabrik.at\/WarmUp\/files\/2011\/02\/132077_1766442367290_1426105610_1900838_1553668_o.jpg 1775w\" sizes=\"auto, (max-width: 300px) 100vw, 300px\" \/><\/a><\/p>\n<p><span style=\"font-family: Calibri, sans-serif\"><span style=\"font-size: x-small\">Irene ist vom Radiomachen und den M\u00f6glichkeiten des Mediums schon immer fasziniert. Sie arbeitet in diesem Projekt mit, um einen Beitrag f\u00fcr eine Gesellschaft zu leisten, die gerade lernt, offen und tolerant mit Randgruppen, Grenzg\u00e4ngern, Au\u00dfenseitern und au\u00dferhalb der Norm lebenden Menschen umzugehen. Aufkl\u00e4rung und Informationsvermittlung sind ihr besonders wichtig. Die Freude am tun steht im Vordergrund. Mit ihrer Radioarbeit will sie Menschen aller Art, jeden Alters und Geschlechts erreichen. Ihr Ziel ist das Umdenken, ein &#8222;au\u00dferhalb der Grenzen&#8220; denken, ein Aufl\u00f6sen von unsinnigen Traditionen und Mustern sowie der Spa\u00df am Leben. Sie will Mut machen, damit Menschen zu sich selbst stehen. Die Radiosendung soll ein Aufruf f\u00fcr ein respektvolles und wertsch\u00e4tzendes Verhalten sein und Hinweis daf\u00fcr, sich professionellen Rat und Unterst\u00fctzung zu holen, wenn es alleine nicht mehr geht.<\/span><\/span><\/p>\n<p><span style=\"font-family: Calibri, sans-serif\"><span style=\"font-size: x-small\">Irene vertritt in der HOSI Salzburg unter anderem Frauenfragen aber auch die psychologischen und sozialen Beratungsdienste der HOSI Salzburg.<\/span><\/span><\/p>\n","protected":false},"excerpt":{"rendered":"<p>Irene ist vom Radiomachen und den M\u00f6glichkeiten des Mediums schon immer fasziniert. Sie arbeitet in diesem Projekt mit, um einen Beitrag f\u00fcr eine Gesellschaft zu leisten, die gerade lernt, offen und tolerant mit Randgruppen, Grenzg\u00e4ngern, Au\u00dfenseitern und au\u00dferhalb der Norm &hellip; <a href=\"https:\/\/blog.radiofabrik.at\/WarmUp\/about\/uber-irene\/\">Weiterlesen <span class=\"meta-nav\">&rarr;<\/span><\/a><\/p>\n","protected":false},"author":210,"featured_media":0,"parent":2,"menu_order":0,"comment_status":"open","ping_status":"open","template":"","meta":{"footnotes":""},"class_list":["post-23","page","type-page","status-publish","hentry"],"_links":{"self":[{"href":"https:\/\/blog.radiofabrik.at\/WarmUp\/wp-json\/wp\/v2\/pages\/23","targetHints":{"allow":["GET"]}}],"collection":[{"href":"https:\/\/blog.radiofabrik.at\/WarmUp\/wp-json\/wp\/v2\/pages"}],"about":[{"href":"https:\/\/blog.radiofabrik.at\/WarmUp\/wp-json\/wp\/v2\/types\/page"}],"author":[{"embeddable":true,"href":"https:\/\/blog.radiofabrik.at\/WarmUp\/wp-json\/wp\/v2\/users\/210"}],"replies":[{"embeddable":true,"href":"https:\/\/blog.radiofabrik.at\/WarmUp\/wp-json\/wp\/v2\/comments?post=23"}],"version-history":[{"count":3,"href":"https:\/\/blog.radiofabrik.at\/WarmUp\/wp-json\/wp\/v2\/pages\/23\/revisions"}],"predecessor-version":[{"id":38,"href":"https:\/\/blog.radiofabrik.at\/WarmUp\/wp-json\/wp\/v2\/pages\/23\/revisions\/38"}],"up":[{"embeddable":true,"href":"https:\/\/blog.radiofabrik.at\/WarmUp\/wp-json\/wp\/v2\/pages\/2"}],"wp:attachment":[{"href":"https:\/\/blog.radiofabrik.at\/WarmUp\/wp-json\/wp\/v2\/media?parent=23"}],"curies":[{"name":"wp","href":"https:\/\/api.w.org\/{rel}","templated":true}]}}