{"id":17,"date":"2015-09-17T09:43:15","date_gmt":"2015-09-17T09:43:15","guid":{"rendered":"http:\/\/blog.radiofabrik.at\/asilikeit\/?page_id=17"},"modified":"2015-09-17T09:46:37","modified_gmt":"2015-09-17T09:46:37","slug":"as-i-like-it-classic","status":"publish","type":"page","link":"https:\/\/blog.radiofabrik.at\/asilikeit\/as-i-like-it-classic\/","title":{"rendered":"As I Like It Classic"},"content":{"rendered":"<p class=\"bodytext\"><a href=\"http:\/\/blog.radiofabrik.at\/asilikeit\/files\/2015\/09\/Studiobild-RK.jpg\"><img loading=\"lazy\" decoding=\"async\" class=\"alignnone  wp-image-19\" src=\"http:\/\/blog.radiofabrik.at\/asilikeit\/files\/2015\/09\/Studiobild-RK-300x201.jpg\" alt=\"Studiobild RK\" width=\"215\" height=\"147\" \/><\/a><\/p>\n<p class=\"bodytext\">F\u00fcr die Radiofabrik ist klassische Musik vielleicht etwas ungew\u00f6hnlich. Mit dieser Sendung will ich einmal im Monat eine F\u00e4hrte zur Klassik legen.<\/p>\n<p class=\"bodytext\">In fr\u00fcheren Jahren habe ich von dieser Art Musik nichts gehalten, bis ich pl\u00f6tzlich begonnen hab, die Vielfalt und Sch\u00f6nheit zu entdecken.<\/p>\n<p class=\"bodytext\">As I Like It Classic ist eine Sendung f\u00fcr Liebhaber von klassischer Musik, f\u00fcr musikbegeisterte H\u00f6rerinnen und H\u00f6rer, die vielen Musikstilen gegen\u00fcber aufgeschlossen sind oder solche, die es werden wollen.<\/p>\n<p class=\"bodytext\">H\u00f6ren Sie hinein! Ihre Ohren werden Augen machen, was es da alles zu entdecken gibt.<\/p>\n<p class=\"bodytext\"><b>Sendezeiten:<\/b>\u00a0jeden\u00a03. Samstag im Monat ab 19:06 Uhr<br \/>\n<b>Link:<\/b>\u00a0<a title=\"Opens internal link in current window\" href=\"http:\/\/www.radiofabrik.at\/programm0\/sendungenvona-z\/programm0\/sendungenvona-z\/as-i-like-it.html\">http:\/\/www.radiofabrik.at\/programm0\/sendungenvona-z\/as-i-like-it.html<\/a><\/p>\n","protected":false},"excerpt":{"rendered":"<p>F\u00fcr die Radiofabrik ist klassische Musik vielleicht etwas ungew\u00f6hnlich. Mit dieser Sendung will ich einmal im Monat eine F\u00e4hrte zur Klassik legen. In fr\u00fcheren Jahren habe ich von dieser Art Musik nichts gehalten, bis ich pl\u00f6tzlich begonnen hab, die Vielfalt &hellip; <a href=\"https:\/\/blog.radiofabrik.at\/asilikeit\/as-i-like-it-classic\/\">Weiterlesen <span class=\"meta-nav\">&rarr;<\/span><\/a><\/p>\n","protected":false},"author":707,"featured_media":0,"parent":0,"menu_order":0,"comment_status":"closed","ping_status":"closed","template":"","meta":{"footnotes":""},"class_list":["post-17","page","type-page","status-publish","hentry"],"_links":{"self":[{"href":"https:\/\/blog.radiofabrik.at\/asilikeit\/wp-json\/wp\/v2\/pages\/17","targetHints":{"allow":["GET"]}}],"collection":[{"href":"https:\/\/blog.radiofabrik.at\/asilikeit\/wp-json\/wp\/v2\/pages"}],"about":[{"href":"https:\/\/blog.radiofabrik.at\/asilikeit\/wp-json\/wp\/v2\/types\/page"}],"author":[{"embeddable":true,"href":"https:\/\/blog.radiofabrik.at\/asilikeit\/wp-json\/wp\/v2\/users\/707"}],"replies":[{"embeddable":true,"href":"https:\/\/blog.radiofabrik.at\/asilikeit\/wp-json\/wp\/v2\/comments?post=17"}],"version-history":[{"count":3,"href":"https:\/\/blog.radiofabrik.at\/asilikeit\/wp-json\/wp\/v2\/pages\/17\/revisions"}],"predecessor-version":[{"id":20,"href":"https:\/\/blog.radiofabrik.at\/asilikeit\/wp-json\/wp\/v2\/pages\/17\/revisions\/20"}],"wp:attachment":[{"href":"https:\/\/blog.radiofabrik.at\/asilikeit\/wp-json\/wp\/v2\/media?parent=17"}],"curies":[{"name":"wp","href":"https:\/\/api.w.org\/{rel}","templated":true}]}}