{"id":141,"date":"2020-01-12T14:27:52","date_gmt":"2020-01-12T14:27:52","guid":{"rendered":"https:\/\/blog.radiofabrik.at\/aussigschaut\/?page_id=141"},"modified":"2021-05-06T14:47:33","modified_gmt":"2021-05-06T14:47:33","slug":"links","status":"publish","type":"page","link":"https:\/\/blog.radiofabrik.at\/aussigschaut\/links\/","title":{"rendered":"Links"},"content":{"rendered":"<p><strong>Interessante Links zum Thema Landschaft:<\/strong><\/p>\n<ul>\n<li><a href=\"https:\/\/www.cipra.org\/de\/aktuelles\/schwerpunktthema-landschaft\">CIPRA<\/a><\/li>\n<li><a href=\"https:\/\/www.coe.int\/de\/web\/conventions\/full-list\/-\/conventions\/treaty\/176\">Europ\u00e4isches Landschafts\u00fcbereinkommen<\/a><\/li>\n<li><a href=\"https:\/\/hausderlandschaft.org\/\">Haus der Landschaft<\/a><\/li>\n<li><a href=\"http:\/\/www.hellenot.org\/home\/\">Helle Not<\/a><\/li>\n<li><a style=\"color: #ff4b33\" href=\"http:\/\/oegla.at\/\">\u00d6sterreichische Gesellschaft f\u00fcr Landschaftsarchitektur<\/a>\u00a0<a style=\"color: #ff4b33\" href=\"http:\/\/oegla.at\/\">(\u00d6GLA)<\/a><\/li>\n<li><a href=\"https:\/\/www.br.de\/br-fernsehen\/sendungen\/unter-unserem-himmel\/dieter-wieland-topographie-100.html\">Topographie: Dieter Wieland<\/a><\/li>\n<li><a href=\"http:\/\/www.landluft.at\/\">Verein LandLuft<\/a><\/li>\n<\/ul>\n","protected":false},"excerpt":{"rendered":"<p>Interessante Links zum Thema Landschaft: CIPRA Europ\u00e4isches Landschafts\u00fcbereinkommen Haus der Landschaft Helle Not \u00d6sterreichische Gesellschaft f\u00fcr Landschaftsarchitektur\u00a0(\u00d6GLA) Topographie: Dieter Wieland Verein LandLuft<\/p>\n","protected":false},"author":746,"featured_media":0,"parent":0,"menu_order":3,"comment_status":"closed","ping_status":"closed","template":"","meta":{"footnotes":""},"class_list":["post-141","page","type-page","status-publish","hentry"],"_links":{"self":[{"href":"https:\/\/blog.radiofabrik.at\/aussigschaut\/wp-json\/wp\/v2\/pages\/141","targetHints":{"allow":["GET"]}}],"collection":[{"href":"https:\/\/blog.radiofabrik.at\/aussigschaut\/wp-json\/wp\/v2\/pages"}],"about":[{"href":"https:\/\/blog.radiofabrik.at\/aussigschaut\/wp-json\/wp\/v2\/types\/page"}],"author":[{"embeddable":true,"href":"https:\/\/blog.radiofabrik.at\/aussigschaut\/wp-json\/wp\/v2\/users\/746"}],"replies":[{"embeddable":true,"href":"https:\/\/blog.radiofabrik.at\/aussigschaut\/wp-json\/wp\/v2\/comments?post=141"}],"version-history":[{"count":7,"href":"https:\/\/blog.radiofabrik.at\/aussigschaut\/wp-json\/wp\/v2\/pages\/141\/revisions"}],"predecessor-version":[{"id":280,"href":"https:\/\/blog.radiofabrik.at\/aussigschaut\/wp-json\/wp\/v2\/pages\/141\/revisions\/280"}],"wp:attachment":[{"href":"https:\/\/blog.radiofabrik.at\/aussigschaut\/wp-json\/wp\/v2\/media?parent=141"}],"curies":[{"name":"wp","href":"https:\/\/api.w.org\/{rel}","templated":true}]}}