{"id":27,"date":"2012-12-04T11:11:47","date_gmt":"2012-12-04T11:11:47","guid":{"rendered":"http:\/\/blog.radiofabrik.at\/bgzaunergasse\/?page_id=27"},"modified":"2012-12-05T12:16:21","modified_gmt":"2012-12-05T12:16:21","slug":"ways-of-travelling","status":"publish","type":"page","link":"https:\/\/blog.radiofabrik.at\/bgzaunergasse\/ways-of-travelling\/","title":{"rendered":"WAYS OF TRAVELLING"},"content":{"rendered":"<figure id=\"attachment_41\" aria-describedby=\"caption-attachment-41\" style=\"width: 300px\" class=\"wp-caption alignleft\"><a href=\"http:\/\/blog.radiofabrik.at\/bgzaunergasse\/files\/2012\/12\/P10708992.jpg\"><img loading=\"lazy\" decoding=\"async\" class=\"size-medium wp-image-41 \" src=\"http:\/\/blog.radiofabrik.at\/bgzaunergasse\/files\/2012\/12\/P10708992-300x225.jpg\" alt=\"Redaktionssitzung - Schritt f\u00fcr Schritt zum PodCast\" width=\"300\" height=\"225\" srcset=\"https:\/\/blog.radiofabrik.at\/bgzaunergasse\/files\/2012\/12\/P10708992-300x225.jpg 300w, https:\/\/blog.radiofabrik.at\/bgzaunergasse\/files\/2012\/12\/P10708992-1024x768.jpg 1024w\" sizes=\"auto, (max-width: 300px) 100vw, 300px\" \/><\/a><figcaption id=\"caption-attachment-41\" class=\"wp-caption-text\">Redaktionssitzung &#8211; Schritt f\u00fcr Schritt zum PodCast<\/figcaption><\/figure>\n<p>Planung &#8211; schwierig, aber unumg\u00e4nglich:<br \/>\nUnser Thema &#8222;Ways of Travelling&#8220; beinhaltet sehr viele verschiedene Aspekte. Die wichtigsten davon f\u00fcr unseren PodCast herauszufiltern und eine Struktur in unser Projekt zu bringen war eine gro\u00dfe Herausforderung. Wir ben\u00f6tigten f\u00fcr die Vorarbeit beinahe gleich viel Zeit wie f\u00fcr die Umsetzung am folgenden Tag. Ein farbenfrohes, gut strukturiertes Konzept half uns dabei:<\/p>\n<figure id=\"attachment_39\" aria-describedby=\"caption-attachment-39\" style=\"width: 179px\" class=\"wp-caption alignleft\"><a href=\"http:\/\/blog.radiofabrik.at\/bgzaunergasse\/files\/2012\/12\/IMAG0194.jpg\"><img loading=\"lazy\" decoding=\"async\" class=\"size-medium wp-image-39 \" src=\"http:\/\/blog.radiofabrik.at\/bgzaunergasse\/files\/2012\/12\/IMAG0194-179x300.jpg\" alt=\"Der Aufbau unseres Podcasts\" width=\"179\" height=\"300\" srcset=\"https:\/\/blog.radiofabrik.at\/bgzaunergasse\/files\/2012\/12\/IMAG0194-179x300.jpg 179w, https:\/\/blog.radiofabrik.at\/bgzaunergasse\/files\/2012\/12\/IMAG0194-613x1024.jpg 613w, https:\/\/blog.radiofabrik.at\/bgzaunergasse\/files\/2012\/12\/IMAG0194.jpg 1552w\" sizes=\"auto, (max-width: 179px) 100vw, 179px\" \/><\/a><figcaption id=\"caption-attachment-39\" class=\"wp-caption-text\">Der Aufbau unseres Podcasts<\/figcaption><\/figure>\n<figure id=\"attachment_40\" aria-describedby=\"caption-attachment-40\" style=\"width: 300px\" class=\"wp-caption alignleft\"><a href=\"http:\/\/blog.radiofabrik.at\/bgzaunergasse\/files\/2012\/12\/IMAG0193.jpg\"><img loading=\"lazy\" decoding=\"async\" class=\"wp-image-40 \" src=\"http:\/\/blog.radiofabrik.at\/bgzaunergasse\/files\/2012\/12\/IMAG0193-300x179.jpg\" alt=\"Aufnehmen im Sendestudio\" width=\"300\" height=\"179\" srcset=\"https:\/\/blog.radiofabrik.at\/bgzaunergasse\/files\/2012\/12\/IMAG0193-300x179.jpg 300w, https:\/\/blog.radiofabrik.at\/bgzaunergasse\/files\/2012\/12\/IMAG0193-1024x613.jpg 1024w\" sizes=\"auto, (max-width: 300px) 100vw, 300px\" \/><\/a><figcaption id=\"caption-attachment-40\" class=\"wp-caption-text\">Aufnehmen im Sendestudio<\/figcaption><\/figure>\n<p>&nbsp;<\/p>\n<p>&nbsp;<\/p>\n<p>&nbsp;<\/p>\n<p>&nbsp;<\/p>\n<p>&nbsp;<\/p>\n<p>&nbsp;<\/p>\n<p>Im Studio waren wir flei\u00dfig am Aufnehmen von Moderationssequenzen und einem Interview.<\/p>\n<p>&nbsp;<\/p>\n<figure id=\"attachment_38\" aria-describedby=\"caption-attachment-38\" style=\"width: 300px\" class=\"wp-caption alignleft\"><a href=\"http:\/\/blog.radiofabrik.at\/bgzaunergasse\/files\/2012\/12\/P10709042.jpg\"><img loading=\"lazy\" decoding=\"async\" class=\"size-medium wp-image-38  \" src=\"http:\/\/blog.radiofabrik.at\/bgzaunergasse\/files\/2012\/12\/P10709042-300x225.jpg\" alt=\"Feinarbeit beim Audioschnitt\" width=\"300\" height=\"225\" srcset=\"https:\/\/blog.radiofabrik.at\/bgzaunergasse\/files\/2012\/12\/P10709042-300x225.jpg 300w, https:\/\/blog.radiofabrik.at\/bgzaunergasse\/files\/2012\/12\/P10709042-1024x768.jpg 1024w\" sizes=\"auto, (max-width: 300px) 100vw, 300px\" \/><\/a><figcaption id=\"caption-attachment-38\" class=\"wp-caption-text\">Feinarbeit beim Audioschnitt<\/figcaption><\/figure>\n<p>Am Computer verwerteten wir dann das Material aus den Interviews und Umfragen, indem wir es zurechtschnitten und die einzelnen Teile miteinander verbanden. Weiters arbeiteten wir mit Soundeffekten, die auf ein Thema hinf\u00fchren und es unterstreichen sollten.<\/p>\n<p>PODCAST ANH\u00d6REN:<\/p>\n","protected":false},"excerpt":{"rendered":"<p>Planung &#8211; schwierig, aber unumg\u00e4nglich: Unser Thema &#8222;Ways of Travelling&#8220; beinhaltet sehr viele verschiedene Aspekte. Die wichtigsten davon f\u00fcr unseren PodCast herauszufiltern und eine Struktur in unser Projekt zu bringen war eine gro\u00dfe Herausforderung. Wir ben\u00f6tigten f\u00fcr die Vorarbeit beinahe gleich viel Zeit wie f\u00fcr die Umsetzung am folgenden Tag. Ein farbenfrohes, gut strukturiertes Konzept &hellip; <\/p>\n<p class=\"link-more\"><a href=\"https:\/\/blog.radiofabrik.at\/bgzaunergasse\/ways-of-travelling\/\" class=\"more-link\"><span class=\"screen-reader-text\">\u201eWAYS OF TRAVELLING\u201c <\/span>weiterlesen<\/a><\/p>\n","protected":false},"author":4,"featured_media":0,"parent":0,"menu_order":0,"comment_status":"open","ping_status":"open","template":"","meta":{"footnotes":""},"class_list":["post-27","page","type-page","status-publish","hentry"],"_links":{"self":[{"href":"https:\/\/blog.radiofabrik.at\/bgzaunergasse\/wp-json\/wp\/v2\/pages\/27","targetHints":{"allow":["GET"]}}],"collection":[{"href":"https:\/\/blog.radiofabrik.at\/bgzaunergasse\/wp-json\/wp\/v2\/pages"}],"about":[{"href":"https:\/\/blog.radiofabrik.at\/bgzaunergasse\/wp-json\/wp\/v2\/types\/page"}],"author":[{"embeddable":true,"href":"https:\/\/blog.radiofabrik.at\/bgzaunergasse\/wp-json\/wp\/v2\/users\/4"}],"replies":[{"embeddable":true,"href":"https:\/\/blog.radiofabrik.at\/bgzaunergasse\/wp-json\/wp\/v2\/comments?post=27"}],"version-history":[{"count":9,"href":"https:\/\/blog.radiofabrik.at\/bgzaunergasse\/wp-json\/wp\/v2\/pages\/27\/revisions"}],"predecessor-version":[{"id":81,"href":"https:\/\/blog.radiofabrik.at\/bgzaunergasse\/wp-json\/wp\/v2\/pages\/27\/revisions\/81"}],"wp:attachment":[{"href":"https:\/\/blog.radiofabrik.at\/bgzaunergasse\/wp-json\/wp\/v2\/media?parent=27"}],"curies":[{"name":"wp","href":"https:\/\/api.w.org\/{rel}","templated":true}]}}