{"id":23,"date":"2021-06-04T23:15:21","date_gmt":"2021-06-04T23:15:21","guid":{"rendered":"https:\/\/blog.radiofabrik.at\/dasplattenkarussell\/?page_id=23"},"modified":"2021-06-04T23:15:21","modified_gmt":"2021-06-04T23:15:21","slug":"kontakt","status":"publish","type":"page","link":"https:\/\/blog.radiofabrik.at\/dasplattenkarussell\/kontakt\/","title":{"rendered":"Kontakt"},"content":{"rendered":"<p>Dieser Blog geh\u00f6rt zur Radiosendung &#8222;Das Plattenkarussell&#8220;.<br \/>\nAusgestrahlt von der Radiofabrik. (www.radiofabrik.at)<\/p>\n<div class=\"entry-content\">\n<p><strong>Das Plattenkarussell (RadioFabrik)<\/strong><br \/>\nUlrike-Gschwandtner-Stra\u00dfe 5<br \/>\n5020 Salzburg<br \/>\nStudio-Festnetz: +43 662 842961 55<br \/>\nemail:\u00a0<a href=\"dasplattenkarussell@gmail.com\"> dasplattenkarussell@gmail.com<\/a><\/p>\n<p>Sendungen jeden 1. Freitag im Monat von 21.30 Uhr bis 22:00 Uhr<\/p>\n<p><strong>Sendedaten<\/strong><br \/>\n* 107,5 MHz f\u00fcr den Gro\u00dfraum Flachgau und Tennengau<br \/>\n* 97,3 MHz f\u00fcr das Stadtgebiet Salzburg<br \/>\n* und im Internet via <a href=\"http:\/\/radiofabrik.at\/rafab_stream_low.m3u\" target=\"_blank\" rel=\"noopener noreferrer\">Livestream<\/a><\/p>\n<p><a href=\"https:\/\/radiofabrik.at\/programm\/sendedaten-empfang\/\"><img loading=\"lazy\" decoding=\"async\" class=\"wp-image-3069 aligncenter\" title=\"sendeleistung\" src=\"https:\/\/radio.soundburg.at\/wp-content\/uploads\/2019\/05\/sendegrafik-70x70.jpg\" alt=\"\" width=\"115\" height=\"115\" \/><\/a><\/p>\n<p><strong>Internet-Livestream<\/strong><br \/>\nDer Link zum Stream lautet: <a href=\"http:\/\/radiofabrik.at\/rafab_stream_low.m3u\" target=\"_blank\" rel=\"noopener noreferrer\">http:\/\/radiofabrik.at\/rafab_stream_low.m3u<\/a><br \/>\nVoraussetzung ist, dass man ein Programm zur Wiedergabe verwendet, das den MP3-StreamingCodec versteht, zum Beispiel iTunes (OS X, Windows) oder winamp (Windows).<\/p>\n<p><strong>Software-Empfehlungen<\/strong><br \/>\nApple OS X: iTunes, VLC und andere\u2026<br \/>\nMicrosoft Windows: Winamp, iTunes und andere\u2026<br \/>\nLinux:VLC und andere\u2026<br \/>\niPhone:FStream (iTunes Download link)<\/p>\n<\/div>\n","protected":false},"excerpt":{"rendered":"<p>Dieser Blog geh\u00f6rt zur Radiosendung &#8222;Das Plattenkarussell&#8220;. Ausgestrahlt von der Radiofabrik. (www.radiofabrik.at) Das Plattenkarussell (RadioFabrik) Ulrike-Gschwandtner-Stra\u00dfe 5 5020 Salzburg Studio-Festnetz: +43 662 842961 55 email:\u00a0 dasplattenkarussell@gmail.com Sendungen jeden 1. Freitag im Monat von 21.30 Uhr bis 22:00 Uhr Sendedaten * 107,5 MHz f\u00fcr den Gro\u00dfraum Flachgau und Tennengau * 97,3 MHz f\u00fcr das Stadtgebiet Salzburg &hellip; <a href=\"https:\/\/blog.radiofabrik.at\/dasplattenkarussell\/kontakt\/\" class=\"more-link\"><span class=\"screen-reader-text\">Kontakt<\/span> weiterlesen <span class=\"meta-nav\">&rarr;<\/span><\/a><\/p>\n","protected":false},"author":728,"featured_media":0,"parent":0,"menu_order":0,"comment_status":"closed","ping_status":"closed","template":"","meta":{"footnotes":""},"class_list":["post-23","page","type-page","status-publish","hentry"],"_links":{"self":[{"href":"https:\/\/blog.radiofabrik.at\/dasplattenkarussell\/wp-json\/wp\/v2\/pages\/23","targetHints":{"allow":["GET"]}}],"collection":[{"href":"https:\/\/blog.radiofabrik.at\/dasplattenkarussell\/wp-json\/wp\/v2\/pages"}],"about":[{"href":"https:\/\/blog.radiofabrik.at\/dasplattenkarussell\/wp-json\/wp\/v2\/types\/page"}],"author":[{"embeddable":true,"href":"https:\/\/blog.radiofabrik.at\/dasplattenkarussell\/wp-json\/wp\/v2\/users\/728"}],"replies":[{"embeddable":true,"href":"https:\/\/blog.radiofabrik.at\/dasplattenkarussell\/wp-json\/wp\/v2\/comments?post=23"}],"version-history":[{"count":2,"href":"https:\/\/blog.radiofabrik.at\/dasplattenkarussell\/wp-json\/wp\/v2\/pages\/23\/revisions"}],"predecessor-version":[{"id":25,"href":"https:\/\/blog.radiofabrik.at\/dasplattenkarussell\/wp-json\/wp\/v2\/pages\/23\/revisions\/25"}],"wp:attachment":[{"href":"https:\/\/blog.radiofabrik.at\/dasplattenkarussell\/wp-json\/wp\/v2\/media?parent=23"}],"curies":[{"name":"wp","href":"https:\/\/api.w.org\/{rel}","templated":true}]}}