{"id":8,"date":"2013-10-11T15:26:38","date_gmt":"2013-10-11T15:26:38","guid":{"rendered":"http:\/\/blog.radiofabrik.at\/lillionair\/?page_id=8"},"modified":"2015-08-02T10:19:04","modified_gmt":"2015-08-02T10:19:04","slug":"lilli-und-die-sendung","status":"publish","type":"page","link":"https:\/\/blog.radiofabrik.at\/lillionair\/lilli-und-die-sendung\/","title":{"rendered":"Lilli &amp; die Sendung"},"content":{"rendered":"<p style=\"text-align: left\">Ich hei\u00dfe Lilli Kramer, bin 15 Jahre alt und komme aus Bayern. Seit meinem 9. Lebensjahr ist mein gr\u00f6\u00dfter Berufswunsch, als Radiomoderatorin zu arbeiten. Mit 12 bin ich dann bei der Radiofabrik gelandet&#8230; Und mein Lebensmotto\u00a0<strong>&#8222;Tr\u00e4ume nicht dein Leben, lebe deinen<\/strong> <strong>Traum&#8220;<\/strong> ist damit in Erf\u00fcllung gegangen, dass meine Sendung <a title=\"Lilli ON AIR\" href=\"http:\/\/www.radiofabrik.at\/programm0\/sendungenvona-z\/lilli-on-air.html\" target=\"_blank\"><strong>Lilli ON AIR<\/strong><\/a> im Juni 2012 zum ersten Mal ON AIR ging!<\/p>\n<p style=\"text-align: left\"><a href=\"http:\/\/blog.radiofabrik.at\/lillionair\/files\/2013\/10\/Foto-Lilli-Sylt.jpg\"><img loading=\"lazy\" decoding=\"async\" class=\"aligncenter wp-image-135 size-full\" src=\"http:\/\/blog.radiofabrik.at\/lillionair\/files\/2013\/10\/Foto-Lilli-Sylt.jpg\" alt=\"Lilli \" width=\"2560\" height=\"1920\" srcset=\"https:\/\/blog.radiofabrik.at\/lillionair\/files\/2013\/10\/Foto-Lilli-Sylt.jpg 2560w, https:\/\/blog.radiofabrik.at\/lillionair\/files\/2013\/10\/Foto-Lilli-Sylt-300x225.jpg 300w, https:\/\/blog.radiofabrik.at\/lillionair\/files\/2013\/10\/Foto-Lilli-Sylt-1024x768.jpg 1024w, https:\/\/blog.radiofabrik.at\/lillionair\/files\/2013\/10\/Foto-Lilli-Sylt-400x300.jpg 400w\" sizes=\"auto, (max-width: 2560px) 100vw, 2560px\" \/><\/a><\/p>\n<p>In Lilli ON AIR, das bis Ende 2014 jeden <strong>2. Freitag im Monat ab 16 Uhr<\/strong> gesendet wurde, interviewte ich meist Musiker, deren Musik und Person mich selbst sehr interessieren. Meine Interviewpartner waren u.a. schon\u00a0<a title=\"Kim Wilde\" href=\"http:\/\/www.kimwilde.com\/\" target=\"_blank\">Kim Wilde<\/a>, <a title=\"Stefanie Heinzmann\" href=\"http:\/\/stefanieheinzmann.de\/\" target=\"_blank\">Stefanie Heinzmann<\/a>, <a title=\"Stefan Dettl\" href=\"http:\/\/www.stefandettl.de\/\" target=\"_blank\">Stefan Dettl<\/a>, <a title=\"Breiti - Gitarrist der Toten Hosen\" href=\"http:\/\/www.dietotenhosen.de\/\" target=\"_blank\">Michael<\/a> <a title=\"Breiti - Gitarrist der Toten Hosen\" href=\"http:\/\/www.dietotenhosen.de\/\" target=\"_blank\">Breitkopf<\/a> (Gitarrist der Toten Hosen), <a title=\"Tobias Regner\" href=\"http:\/\/www.regner-musik.de\/\" target=\"_blank\">Tobias Regner<\/a>,\u00a0<a title=\"Eva Croissant\" href=\"http:\/\/www.evacroissant.de\/\" target=\"_blank\">Eva Croissant<\/a>, <a title=\"Vera Klima\" href=\"http:\/\/www.veraklima.de\/\" target=\"_blank\">Vera Klima<\/a> (S\u00e4ngerin der <a title=\"Klima\" href=\"http:\/\/www.klimamusik.de\/\" target=\"_blank\">Band Klima<\/a>), Susi&amp;Matthias von der <a href=\"http:\/\/lischkapelle.de\/\" target=\"_blank\">LischKapelle<\/a> und der Schauspieler <a title=\"Hans Sigl\" href=\"http:\/\/www.hanssigl.de\/\" target=\"_blank\">Hans Sigl<\/a>.<\/p>\n<p><a href=\"http:\/\/blog.radiofabrik.at\/lillionair\/files\/2015\/04\/Bildschirmfoto-2015-04-01-um-12.15.36.png\"><img loading=\"lazy\" decoding=\"async\" class=\"alignnone size-full wp-image-171\" src=\"http:\/\/blog.radiofabrik.at\/lillionair\/files\/2015\/04\/Bildschirmfoto-2015-04-01-um-12.15.36.png\" alt=\"Strandbild mit Spruch\" width=\"837\" height=\"626\" srcset=\"https:\/\/blog.radiofabrik.at\/lillionair\/files\/2015\/04\/Bildschirmfoto-2015-04-01-um-12.15.36.png 837w, https:\/\/blog.radiofabrik.at\/lillionair\/files\/2015\/04\/Bildschirmfoto-2015-04-01-um-12.15.36-300x224.png 300w, https:\/\/blog.radiofabrik.at\/lillionair\/files\/2015\/04\/Bildschirmfoto-2015-04-01-um-12.15.36-401x300.png 401w\" sizes=\"auto, (max-width: 837px) 100vw, 837px\" \/><\/a><\/p>\n<p>&nbsp;<\/p>\n","protected":false},"excerpt":{"rendered":"<p>Ich hei\u00dfe Lilli Kramer, bin 15 Jahre alt und komme aus Bayern. Seit meinem 9. Lebensjahr ist mein gr\u00f6\u00dfter Berufswunsch, als Radiomoderatorin zu arbeiten. Mit 12 bin ich dann bei der Radiofabrik gelandet&#8230; Und mein Lebensmotto\u00a0&#8222;Tr\u00e4ume nicht dein Leben, lebe &hellip; <a href=\"https:\/\/blog.radiofabrik.at\/lillionair\/lilli-und-die-sendung\/\">Weiterlesen <span class=\"meta-nav\">&rarr;<\/span><\/a><\/p>\n","protected":false},"author":665,"featured_media":0,"parent":0,"menu_order":0,"comment_status":"open","ping_status":"open","template":"","meta":{"footnotes":""},"class_list":["post-8","page","type-page","status-publish","hentry"],"_links":{"self":[{"href":"https:\/\/blog.radiofabrik.at\/lillionair\/wp-json\/wp\/v2\/pages\/8","targetHints":{"allow":["GET"]}}],"collection":[{"href":"https:\/\/blog.radiofabrik.at\/lillionair\/wp-json\/wp\/v2\/pages"}],"about":[{"href":"https:\/\/blog.radiofabrik.at\/lillionair\/wp-json\/wp\/v2\/types\/page"}],"author":[{"embeddable":true,"href":"https:\/\/blog.radiofabrik.at\/lillionair\/wp-json\/wp\/v2\/users\/665"}],"replies":[{"embeddable":true,"href":"https:\/\/blog.radiofabrik.at\/lillionair\/wp-json\/wp\/v2\/comments?post=8"}],"version-history":[{"count":18,"href":"https:\/\/blog.radiofabrik.at\/lillionair\/wp-json\/wp\/v2\/pages\/8\/revisions"}],"predecessor-version":[{"id":178,"href":"https:\/\/blog.radiofabrik.at\/lillionair\/wp-json\/wp\/v2\/pages\/8\/revisions\/178"}],"wp:attachment":[{"href":"https:\/\/blog.radiofabrik.at\/lillionair\/wp-json\/wp\/v2\/media?parent=8"}],"curies":[{"name":"wp","href":"https:\/\/api.w.org\/{rel}","templated":true}]}}