{"id":2,"date":"2010-10-22T02:27:58","date_gmt":"2010-10-22T02:27:58","guid":{"rendered":"http:\/\/blog.radiofabrik.at\/menschen-in-aktion\/?page_id=2"},"modified":"2014-12-17T19:10:35","modified_gmt":"2014-12-17T18:10:35","slug":"about","status":"publish","type":"page","link":"https:\/\/blog.radiofabrik.at\/menschen-in-aktion\/about\/","title":{"rendered":"Info zur Sendung MiA"},"content":{"rendered":"<p>Die Sendeleiste &#8222;<em>Menschen in Aktion<\/em>&#8220; (kurz: <em>MiA<\/em>)will informieren und sensibilisieren zu den Themen &#8222;das gute Leben&#8220;, Menschenw\u00fcrde, soziale Gerechtigkeit und Solidarit\u00e4t in regionaler und globaler Hinsicht. Die Beitr\u00e4ge \u00fcber unsere Aktionen inspirieren zu engagiertem Handeln und wollen Ankn\u00fcpfungsm\u00f6glichkeiten geben f\u00fcr Menschen, die t\u00e4tig sein wollen.<\/p>\n<p>Folgende Einrichtungen beteiligen sich als SendungsmacherInnen aktiv an der Gestaltung der Radiosendung\u00a0<em>MiA<\/em>\u00a0:<\/p>\n<ul>\n<li>ABZ &#8211; Haus der M\u00f6glichkeiten<\/li>\n<li>Stadtteil-Kulturarbeit &amp; Initiative\u00a0Stadtteilgarten Itzling<\/li>\n<li>Plattform f\u00fcr Menschenrechte<\/li>\n<li>Betriebsseelsorge\/ALF Arbeitslosenfond.<\/li>\n<\/ul>\n","protected":false},"excerpt":{"rendered":"<p>Die Sendeleiste &#8222;Menschen in Aktion&#8220; (kurz: MiA)will informieren und sensibilisieren zu den Themen &#8222;das gute Leben&#8220;, Menschenw\u00fcrde, soziale Gerechtigkeit und Solidarit\u00e4t in regionaler und globaler Hinsicht. Die Beitr\u00e4ge \u00fcber unsere Aktionen inspirieren zu engagiertem Handeln und wollen Ankn\u00fcpfungsm\u00f6glichkeiten geben f\u00fcr &hellip; <a href=\"https:\/\/blog.radiofabrik.at\/menschen-in-aktion\/about\/\">Weiterlesen <span class=\"meta-nav\">&rarr;<\/span><\/a><\/p>\n","protected":false},"author":170,"featured_media":0,"parent":0,"menu_order":2,"comment_status":"closed","ping_status":"closed","template":"","meta":{"jetpack_post_was_ever_published":false,"footnotes":""},"class_list":["post-2","page","type-page","status-publish","hentry"],"jetpack_sharing_enabled":true,"jetpack_shortlink":"https:\/\/wp.me\/P5uacT-2","_links":{"self":[{"href":"https:\/\/blog.radiofabrik.at\/menschen-in-aktion\/wp-json\/wp\/v2\/pages\/2","targetHints":{"allow":["GET"]}}],"collection":[{"href":"https:\/\/blog.radiofabrik.at\/menschen-in-aktion\/wp-json\/wp\/v2\/pages"}],"about":[{"href":"https:\/\/blog.radiofabrik.at\/menschen-in-aktion\/wp-json\/wp\/v2\/types\/page"}],"author":[{"embeddable":true,"href":"https:\/\/blog.radiofabrik.at\/menschen-in-aktion\/wp-json\/wp\/v2\/users\/170"}],"replies":[{"embeddable":true,"href":"https:\/\/blog.radiofabrik.at\/menschen-in-aktion\/wp-json\/wp\/v2\/comments?post=2"}],"version-history":[{"count":9,"href":"https:\/\/blog.radiofabrik.at\/menschen-in-aktion\/wp-json\/wp\/v2\/pages\/2\/revisions"}],"predecessor-version":[{"id":214,"href":"https:\/\/blog.radiofabrik.at\/menschen-in-aktion\/wp-json\/wp\/v2\/pages\/2\/revisions\/214"}],"wp:attachment":[{"href":"https:\/\/blog.radiofabrik.at\/menschen-in-aktion\/wp-json\/wp\/v2\/media?parent=2"}],"curies":[{"name":"wp","href":"https:\/\/api.w.org\/{rel}","templated":true}]}}

<p>Die Sendeleiste &#8222;<em>Menschen in Aktion</em>&#8220; (kurz: <em>MiA</em>)will informieren und sensibilisieren zu den Themen &#8222;das gute Leben&#8220;, Menschenwürde, soziale Gerechtigkeit und Solidarität in regionaler und globaler Hinsicht. Die Beiträge über unsere Aktionen inspirieren zu engagiertem Handeln und wollen Anknüpfungsmöglichkeiten geben für Menschen, die tätig sein wollen.</p>
<p>Folgende Einrichtungen beteiligen sich als SendungsmacherInnen aktiv an der Gestaltung der Radiosendung <em>MiA</em> :</p>
<ul>
<li>ABZ &#8211; Haus der Möglichkeiten</li>
<li>Stadtteil-Kulturarbeit &amp; Initiative Stadtteilgarten Itzling</li>
<li>Plattform für Menschenrechte</li>
<li>Betriebsseelsorge/ALF Arbeitslosenfond.</li>
</ul>

<p>Die Sendeleiste &#8222;Menschen in Aktion&#8220; (kurz: MiA)will informieren und sensibilisieren zu den Themen &#8222;das gute Leben&#8220;, Menschenwürde, soziale Gerechtigkeit und Solidarität in regionaler und globaler Hinsicht. Die Beiträge über unsere Aktionen inspirieren zu engagiertem Handeln und wollen Anknüpfungsmöglichkeiten geben für &hellip; <a href="https://blog.radiofabrik.at/menschen-in-aktion/about/">Weiterlesen <span class="meta-nav">&rarr;</span></a></p>
