{"id":29,"date":"2011-11-12T12:52:53","date_gmt":"2011-11-12T12:52:53","guid":{"rendered":"http:\/\/blog.radiofabrik.at\/radio-andrae\/?page_id=29"},"modified":"2011-11-12T16:08:57","modified_gmt":"2011-11-12T16:08:57","slug":"woruber-wir-berichten-wollen","status":"publish","type":"page","link":"https:\/\/blog.radiofabrik.at\/radio-andrae\/woruber-wir-berichten-wollen\/","title":{"rendered":"Wor\u00fcber wir berichten wollen&#8230;"},"content":{"rendered":"<p>Das sind die Themen, die wir im Schuljahr 2011\/2012 On Air schicken wollen.<\/p>\n<ul>\n<li>&#8222;Sehnsucht Ferien&#8220;<\/li>\n<li>&#8222;Unsere Stars &#8211; Salzburger Stars&#8220;<\/li>\n<li>&#8222;Tiere&#8220;<\/li>\n<li>&#8222;Freunde finden und Freunde verlieren &#8211; Mobbing&#8220;<\/li>\n<li>&#8222;Huch! Ein Buch! &#8211; M\u00e4dchensachen und Bubendinge?&#8220;<\/li>\n<li>&#8222;Traumschule und Schule in Wirklichkeit&#8220;<\/li>\n<li>&#8222;Umwelt &#8211; Schutz und Schmutz&#8220;<\/li>\n<li>&#8222;Spielpl\u00e4tze&#8220;<\/li>\n<li>&#8222;Unsere Namen&#8220;<\/li>\n<li>&#8222;Rund um Salzburg &#8211; Rund um St. Andr\u00e4. Zwei Wanderungen&#8220;<\/li>\n<li>&#8222;Huch! Ein Buch! &#8211; Arbeit und Freizeit&#8220;<\/li>\n<li>&#8222;Kommst mit, ins Museum?&#8220;<\/li>\n<\/ul>\n<p>Aber wir wissen genau:<\/p>\n<p>Es ist noch nicht aller Tage Abend. Man soll den Tag nicht vor dem Abend loben. Es wird nichts so hei\u00df gegessen, wie es gekocht wird. Das letzte Wort ist noch (lange) nicht gesprochen. Am Abend werden die H\u00fchner gez\u00e4hlt. Gut Ding braucht Weil.<br \/>\nAlso: Abwarten und Tee trinken. Denn: Nix is fix!<\/p>\n","protected":false},"excerpt":{"rendered":"<p>Das sind die Themen, die wir im Schuljahr 2011\/2012 On Air schicken wollen. &#8222;Sehnsucht Ferien&#8220; &#8222;Unsere Stars &#8211; Salzburger Stars&#8220; &#8222;Tiere&#8220; &#8222;Freunde finden und Freunde verlieren &#8211; Mobbing&#8220; &#8222;Huch! Ein Buch! &#8211; M\u00e4dchensachen und Bubendinge?&#8220; &#8222;Traumschule und Schule in Wirklichkeit&#8220; &hellip; <a href=\"https:\/\/blog.radiofabrik.at\/radio-andrae\/woruber-wir-berichten-wollen\/\">Weiterlesen <span class=\"meta-nav\">&rarr;<\/span><\/a><\/p>\n","protected":false},"author":228,"featured_media":49,"parent":0,"menu_order":0,"comment_status":"open","ping_status":"open","template":"","meta":{"footnotes":""},"class_list":["post-29","page","type-page","status-publish","has-post-thumbnail","hentry"],"_links":{"self":[{"href":"https:\/\/blog.radiofabrik.at\/radio-andrae\/wp-json\/wp\/v2\/pages\/29","targetHints":{"allow":["GET"]}}],"collection":[{"href":"https:\/\/blog.radiofabrik.at\/radio-andrae\/wp-json\/wp\/v2\/pages"}],"about":[{"href":"https:\/\/blog.radiofabrik.at\/radio-andrae\/wp-json\/wp\/v2\/types\/page"}],"author":[{"embeddable":true,"href":"https:\/\/blog.radiofabrik.at\/radio-andrae\/wp-json\/wp\/v2\/users\/228"}],"replies":[{"embeddable":true,"href":"https:\/\/blog.radiofabrik.at\/radio-andrae\/wp-json\/wp\/v2\/comments?post=29"}],"version-history":[{"count":8,"href":"https:\/\/blog.radiofabrik.at\/radio-andrae\/wp-json\/wp\/v2\/pages\/29\/revisions"}],"predecessor-version":[{"id":40,"href":"https:\/\/blog.radiofabrik.at\/radio-andrae\/wp-json\/wp\/v2\/pages\/29\/revisions\/40"}],"wp:featuredmedia":[{"embeddable":true,"href":"https:\/\/blog.radiofabrik.at\/radio-andrae\/wp-json\/wp\/v2\/media\/49"}],"wp:attachment":[{"href":"https:\/\/blog.radiofabrik.at\/radio-andrae\/wp-json\/wp\/v2\/media?parent=29"}],"curies":[{"name":"wp","href":"https:\/\/api.w.org\/{rel}","templated":true}]}}