{"id":7,"date":"2015-04-09T17:50:46","date_gmt":"2015-04-09T17:50:46","guid":{"rendered":"http:\/\/blog.radiofabrik.at\/schwyzergazette\/?page_id=7"},"modified":"2015-08-25T19:58:53","modified_gmt":"2015-08-25T19:58:53","slug":"info","status":"publish","type":"page","link":"https:\/\/blog.radiofabrik.at\/schwyzergazette\/info\/","title":{"rendered":"Info"},"content":{"rendered":"<p><strong>N\u00e4chste Sendetermine f\u00fcr Bernd`s Schwyzer Gazette:<\/strong><\/p>\n<p>05. September 2015 \/ 1906h &#8211; 1959h<\/p>\n<p>03. Oktober 2015 \/ 1906h &#8211; 1959h \/ Wh 07. Oktober 2015 \/ 1906h -1959h<\/p>\n<p><strong>N\u00e4chste Sendetermine f\u00fcr 12 Punkte f\u00fcr ein Hallujah:<\/strong><\/p>\n<p>14. September 2015 \/2200h &#8211; 2359h<\/p>\n<p>12. Oktober 2015 \/2200h &#8211; 2359h<\/p>\n<p>&nbsp;<\/p>\n<p>&nbsp;<\/p>\n","protected":false},"excerpt":{"rendered":"<p>N\u00e4chste Sendetermine f\u00fcr Bernd`s Schwyzer Gazette: 05. September 2015 \/ 1906h &#8211; 1959h 03. Oktober 2015 \/ 1906h &#8211; 1959h \/ Wh 07. Oktober 2015 \/ 1906h -1959h N\u00e4chste Sendetermine f\u00fcr 12 Punkte f\u00fcr ein Hallujah: 14. September 2015 \/2200h &hellip; <a href=\"https:\/\/blog.radiofabrik.at\/schwyzergazette\/info\/\">Weiterlesen <span class=\"meta-nav\">&rarr;<\/span><\/a><\/p>\n","protected":false},"author":700,"featured_media":0,"parent":0,"menu_order":0,"comment_status":"open","ping_status":"open","template":"","meta":{"footnotes":""},"class_list":["post-7","page","type-page","status-publish","hentry"],"_links":{"self":[{"href":"https:\/\/blog.radiofabrik.at\/schwyzergazette\/wp-json\/wp\/v2\/pages\/7","targetHints":{"allow":["GET"]}}],"collection":[{"href":"https:\/\/blog.radiofabrik.at\/schwyzergazette\/wp-json\/wp\/v2\/pages"}],"about":[{"href":"https:\/\/blog.radiofabrik.at\/schwyzergazette\/wp-json\/wp\/v2\/types\/page"}],"author":[{"embeddable":true,"href":"https:\/\/blog.radiofabrik.at\/schwyzergazette\/wp-json\/wp\/v2\/users\/700"}],"replies":[{"embeddable":true,"href":"https:\/\/blog.radiofabrik.at\/schwyzergazette\/wp-json\/wp\/v2\/comments?post=7"}],"version-history":[{"count":11,"href":"https:\/\/blog.radiofabrik.at\/schwyzergazette\/wp-json\/wp\/v2\/pages\/7\/revisions"}],"predecessor-version":[{"id":130,"href":"https:\/\/blog.radiofabrik.at\/schwyzergazette\/wp-json\/wp\/v2\/pages\/7\/revisions\/130"}],"wp:attachment":[{"href":"https:\/\/blog.radiofabrik.at\/schwyzergazette\/wp-json\/wp\/v2\/media?parent=7"}],"curies":[{"name":"wp","href":"https:\/\/api.w.org\/{rel}","templated":true}]}}