{"id":2,"date":"2010-05-31T10:54:10","date_gmt":"2010-05-31T10:54:10","guid":{"rendered":""},"modified":"2016-03-16T12:16:21","modified_gmt":"2016-03-16T11:16:21","slug":"about","status":"publish","type":"page","link":"https:\/\/blog.radiofabrik.at\/stadtteilradio\/about\/","title":{"rendered":"About Stadtteilradio"},"content":{"rendered":"<h4>Gr\u00e4tzl-News on Air<b>: \u00d6sterreichs erstes Stadtteilradio auf der Radiofabrik.\u00a0<\/b><\/h4>\n<p>Jeden Montag und Freitag ab 17 Uhr gibt es Berichte aus den Salzburger Stadtteilen.<\/p>\n<p>Die RedakteurInnen kommen selbst aus dem Stadtteil, \u00fcber den sie berichten und bringen ins Radio, was die Leute in ihrem &#8222;Gr\u00e4tzl&#8220; bewegt: Von den leidigen Hundstr\u00fcmmerln \u00fcber Stadtteilfeste und\u00a0Verkehrsprobleme bis hin zu Zeitzeugen als Studiog\u00e4sten und Portr\u00e4ts von BewohnerInnen &#8211; der Themenvielfalt sind keine Grenzen gesetzt.<\/p>\n<p><a href=\"http:\/\/blog.radiofabrik.at\/stadtteilradio\/files\/2011\/05\/Stadtteilradio_2013.jpg\"><img loading=\"lazy\" decoding=\"async\" class=\"alignnone size-medium wp-image-967\" src=\"http:\/\/blog.radiofabrik.at\/stadtteilradio\/files\/2011\/05\/Stadtteilradio_2013-300x173.jpg\" alt=\"Stadtteilradio_2013\" width=\"300\" height=\"173\" srcset=\"https:\/\/blog.radiofabrik.at\/stadtteilradio\/files\/2011\/05\/Stadtteilradio_2013-300x173.jpg 300w, https:\/\/blog.radiofabrik.at\/stadtteilradio\/files\/2011\/05\/Stadtteilradio_2013.jpg 900w\" sizes=\"auto, (max-width: 300px) 100vw, 300px\" \/><\/a><\/p>\n<p><b>Derzeit sind folgende Stadtteile dabei:<br \/>\n<\/b>Aigen (Felix Freisinger, Hubert Hechenberger)<br \/>\nAndr\u00e4viertel (J\u00f6rg Eberhard, Carl Pl\u00f6tzeneder)<br \/>\nItzling\/Elisabeth-Vorstadt (Fatma Said, Martha Schwei\u00dfgut)<br \/>\nLehen (pausiert bis Herbst)<br \/>\nLeopoldskron-Moos (Sabine Bell, Alexander und Ursula Ringerthaler)<br \/>\nMaxglan (Lina Anna Cenic)<br \/>\nParsch (sucht neue StadtteilredakteurInnen)<br \/>\nSchallmoos (Evelin Jagszas, Liane Barnet)<\/p>\n<p><strong>Weitere Stadtteile und StadtteilreporterInnen sind willkommen! Es sind keine Vorkenntnisse n\u00f6tig &#8211; nur etwas Zeit und Interesse.<\/strong><\/p>\n<p><b>Sendezeiten<\/b>:<\/p>\n<p>1. Montag im Monat: 17:00 FREIER SENDEPLATZ F\u00dcR DEINEN STADTTEIL<br \/>\n2. Montag im Monat: 17:00\u00a0Parsch<br \/>\n3. Montag im Monat: 17:00 Schallmoos<br \/>\n4. Montag im Monat: 17:00 Lehen<\/p>\n<p>1. Freitag im Monat: 17:00\u00a0Leopoldskron-Moos\/ 17:30 Maxglan<br \/>\n2. Freitag im Monat: 17:00 Aigen<br \/>\n3. Freitag im Monat: 17:00 Andr\u00e4viertel<br \/>\n4. Freitag im Monat: 17:00 Itzling\/Elisabeth-Vorstadt<\/p>\n<p>Wiederholung jeweils am darauffolgenden Dienstag um 8:00 bzw. 8:30 Uhr<b><br \/>\n<\/b><\/p>\n<p>Kontakt: e.schmidhuber@radiofabrik.at<strong><br \/>\n<\/strong><\/p>\n<p><a href=\"http:\/\/blog.radiofabrik.at\/stadtteilradio\/files\/2010\/05\/Stadtteilradio_B_Gruppe_klein.jpg\"><img loading=\"lazy\" decoding=\"async\" class=\"alignnone size-medium wp-image-74\" src=\"http:\/\/blog.radiofabrik.at\/stadtteilradio\/files\/2010\/05\/Stadtteilradio_B_Gruppe_klein-300x209.jpg\" alt=\"\" width=\"300\" height=\"209\" srcset=\"https:\/\/blog.radiofabrik.at\/stadtteilradio\/files\/2010\/05\/Stadtteilradio_B_Gruppe_klein-300x209.jpg 300w, https:\/\/blog.radiofabrik.at\/stadtteilradio\/files\/2010\/05\/Stadtteilradio_B_Gruppe_klein-1024x713.jpg 1024w, https:\/\/blog.radiofabrik.at\/stadtteilradio\/files\/2010\/05\/Stadtteilradio_B_Gruppe_klein.jpg 1417w\" sizes=\"auto, (max-width: 300px) 100vw, 300px\" \/><\/a><\/p>\n<p>Wir bedanken uns bei den ehemaligen StadtteilredakteurInnen f\u00fcr ihre Mitarbeit: Ingrid Munz, Ulrich Munz,\u00a0Thomas Schneider (Parsch), G\u00fcnther Schmid, Christine Brandst\u00e4tter, Lydia Kukubor (Itzling), Sarah Untner, Evelyn und Georg Aigner,\u00a0Iris Perner, Karl Zankl (Lehen), Bernhard Dusch, Gerald Kuss (Schallmoos), Martin Gr\u00f6schl, Raphael V\u00f6tterl, Patrick Waldh\u00f6r (Elisabeth-Vorstadt), Paul Frank (Liefering)<\/p>\n<p>Wir bedanken uns bei der Salzburger Gemeindeentwicklung (Robert Krasser) f\u00fcr die finanzielle Unterst\u00fctzung in den ersten 3 Jahren.<\/p>\n","protected":false},"excerpt":{"rendered":"<p>Gr\u00e4tzl-News on Air: \u00d6sterreichs erstes Stadtteilradio auf der Radiofabrik.\u00a0 Jeden Montag und Freitag ab 17 Uhr gibt es Berichte aus den Salzburger Stadtteilen. Die RedakteurInnen kommen selbst aus dem Stadtteil, \u00fcber den sie berichten und bringen ins Radio, was die &hellip; <a href=\"https:\/\/blog.radiofabrik.at\/stadtteilradio\/about\/\">Weiterlesen <span class=\"meta-nav\">&rarr;<\/span><\/a><\/p>\n","protected":false},"author":49,"featured_media":0,"parent":0,"menu_order":0,"comment_status":"open","ping_status":"open","template":"","meta":{"footnotes":""},"class_list":["post-2","page","type-page","status-publish","hentry"],"_links":{"self":[{"href":"https:\/\/blog.radiofabrik.at\/stadtteilradio\/wp-json\/wp\/v2\/pages\/2","targetHints":{"allow":["GET"]}}],"collection":[{"href":"https:\/\/blog.radiofabrik.at\/stadtteilradio\/wp-json\/wp\/v2\/pages"}],"about":[{"href":"https:\/\/blog.radiofabrik.at\/stadtteilradio\/wp-json\/wp\/v2\/types\/page"}],"author":[{"embeddable":true,"href":"https:\/\/blog.radiofabrik.at\/stadtteilradio\/wp-json\/wp\/v2\/users\/49"}],"replies":[{"embeddable":true,"href":"https:\/\/blog.radiofabrik.at\/stadtteilradio\/wp-json\/wp\/v2\/comments?post=2"}],"version-history":[{"count":18,"href":"https:\/\/blog.radiofabrik.at\/stadtteilradio\/wp-json\/wp\/v2\/pages\/2\/revisions"}],"predecessor-version":[{"id":1119,"href":"https:\/\/blog.radiofabrik.at\/stadtteilradio\/wp-json\/wp\/v2\/pages\/2\/revisions\/1119"}],"wp:attachment":[{"href":"https:\/\/blog.radiofabrik.at\/stadtteilradio\/wp-json\/wp\/v2\/media?parent=2"}],"curies":[{"name":"wp","href":"https:\/\/api.w.org\/{rel}","templated":true}]}}