{"id":16,"date":"2006-11-06T13:15:44","date_gmt":"2006-11-06T11:15:44","guid":{"rendered":"http:\/\/talkaboutit.eu\/?page_id=16"},"modified":"2006-11-06T13:15:44","modified_gmt":"2006-11-06T11:15:44","slug":"links","status":"publish","type":"page","link":"https:\/\/blog.radiofabrik.at\/talkaboutit\/links\/","title":{"rendered":"Links"},"content":{"rendered":"<p>Das ist eine Sammlung von Links zu Seiten aus \u00d6sterreich und Deutschland, die f\u00fcr Betroffene und alle anderen interessant sein k\u00f6nnen.<br \/>\n<a href=\"http:\/\/www.missbraucht.de\/\">Nein! &#8211; Gemeinsam gegen Kindesmissbrauch (D)<\/a><\/p>\n<p><a href=\"http:\/\/www.taraweb.at\/cms\/index.php?option=com_content&amp;task=view&amp;id=50&amp;Itemid=86\">Beratungsstelle TARA &#8211; Erste Hilfe f\u00fcr Betroffene (A)<br \/>\n<\/a><\/p>\n<p><a href=\"http:\/\/www.tamar.at\/\">Tamar &#8211; Beratungsstelle f\u00fcr misshandelte und sexuell missbrauchte Frauen und M\u00e4dchen (A)<\/a><\/p>\n<p><a href=\"http:\/\/www.kinderschreie.de\/01_home\/index1.htm\">Kinderschreie&#8230;Seite einer Betroffenen<\/a><\/p>\n<p><a href=\"http:\/\/www.dunkelziffer.de\">Dunkelziffer e.V. &#8211; Hilfe f\u00fcr sexuell missbrauchte Kinder (D)<br \/>\n<\/a><\/p>\n<p><a href=\"http:\/\/www.selbstlaut.org\">Selbstlaut &#8211;  Gegen sexuelle Gewalt an M\u00e4dchen und Buben. Vorbeugung &#8211; Beratung &#8211; Verdachtsbegleitung (A)<br \/>\n<\/a><\/p>\n<p><a href=\"http:\/\/www.interventionsstelle-wien.at\/\">Interventionsstelle gegen Gewalt in der Familie (A)<\/a><\/p>\n<p><a href=\"http:\/\/talkaboutit.eu\/www.neinheisstnein.de\">Nein hei\u00dft nein!<\/a> <span style=\"font-family: Arial;font-style: normal;font-variant: normal;font-weight: normal;font-size: 12px;line-height: normal;color: #000000;text-indent: 0px;letter-spacing: normal;border-collapse: separate;border-spacing: 0px\" class=\"Apple-style-span\"><font face=\"Arial\" size=\"2\"><font face=\"Arial\" size=\"2\"><font face=\"Arial\" size=\"2\"><font face=\"Arial\" size=\"2\"><font size=\"2\"><font face=\"Arial\"><font size=\"2\"><span style=\"font-size: 10px\" class=\"Apple-style-span\">(D) Beratung, Intervention<\/span><\/font><font size=\"2\"><span style=\"font-size: 10px\" class=\"Apple-style-span\"> und    Pr\u00e4vention bei sexueller Gewalt <\/span><\/font><\/font><\/font><\/font><\/font><\/font><\/font><\/span><\/p>\n<p><a href=\"http:\/\/members.aon.at\/brendaleb\/page_2_1.html\">Mein Weg aus dem Fegefeuer &#8211; Seite einer Betroffenen, die es geschafft hat<\/a><\/p>\n<p><a href=\"http:\/\/www.gegen-missbrauch.de\">Gegen Missbrauch &#8211; Verein f\u00fcr Betroffene, Partner und Gegner von sexuellem Kindesmissbrauch (D)<\/a><\/p>\n<p><a href=\"http:\/\/www.aoef.at\/\">Verein autonome \u00f6sterreichische Frauenh\u00e4user (A)<\/a><\/p>\n<p><a href=\"http:\/\/www.tauwetter.de\/\">Tauwetter &#8211; Anlaufstelle f\u00fcr M\u00e4nner, die als Jungen sexuell missbraucht wurden (D)<\/a><\/p>\n<p><a href=\"http:\/\/www.akzente.net\/Selbsthilfegruppen_fuer_Maechen_und.747.0.html\"> Selbsthilfegruppen f\u00fcr Frauen und M\u00e4dchen mit sexuellen Missbrauchserfahrungen (A)<\/a><\/p>\n<p><a href=\"http:\/\/www.amyna.de\">Amyna &#8211; Verein zur Abschaffung von sexuellem Missbrauch          und sexueller Gewalt e.V., Institut zur Pr\u00e4vention von sexuellem Missbrauch (D)<\/a><\/p>\n<p><a href=\"http:\/\/www.wildwasser-nuernberg.de\/\">Wildwasser Nuernberg<\/a><\/p>\n<p><a href=\"http:\/\/www.wildwasserwuerzburg.de\/\">Wildwasser Wuerzburg<\/a><\/p>\n<p><a href=\"http:\/\/www.wildwasser-augsburg.de\/\">Wildwasser Augsburg<\/a><\/p>\n<p><a href=\"http:\/\/www.zerbrocheneseelen.de\">Selbsthilfeforum f\u00fcr Betroffene &#8218;zerbrocheneseelen.de&#8216;<\/a><\/p>\n<p>Online-Forum f\u00fcr Opfer von sexuellem Missbrauch\/Vergewaltigung und deren Angeh\u00f6rige<br \/>\n<a href=\"http:\/\/www.inselderhoffnung.de.vu\/\">Insel der Hoffnung<\/a><\/p>\n<p>Kontakt- und Informationsstelle gegen sexuellen Missbrauch an M\u00e4dchen und Jungen (K\u00f6ln):<br \/>\n<a class=\"moz-txt-link-freetext\" href=\"http:\/\/www.zartbitter.de\/\">http:\/\/www.zartbitter.de\/<\/a><\/p>\n<p>Weitere Links \u00d6sterreich:<br \/>\nVerein f\u00fcr Sexualp\u00e4dagogik und Pr\u00e4vention von sexuellem Kindesmissbrauch,  Land Salzburg:<br \/>\n<a href=\"http:\/\/www.selbstbewusst.at\/\">http:\/\/www.selbstbewusst.at\/<\/a><\/p>\n<p>Kinderschutzzentrum Salzburg:<br \/>\n<a class=\"moz-txt-link-freetext\" href=\"http:\/\/www.kinderschutzzentrum.at\/\">http:\/\/www.kinderschutzzentrum.at\/<\/a><\/p>\n<p>Initiative Familie gewaltfrei im Pinzgau (Land Salzburg):<br \/>\n<a class=\"moz-txt-link-freetext\" href=\"http:\/\/www.pinzpower.at\/gewaltfrei\/\">http:\/\/www.pinzpower.at\/gewaltfrei\/<\/a><\/p>\n<p>Hilfe f\u00fcr Opfer sexuellen Missbrauchs: Verein PIA, Linz<br \/>\n<a href=\"http:\/\/www.pia-linz.at\">http:\/\/www.pia-linz.at<\/a><\/p>\n<p>Eine feministische, autonome Fraueneinrichtung, die zum Thema sexualisierte Gewalt gegen Frauen<br \/>\nund M\u00e4dchen arbeitet (\u00d6sterreich):<br \/>\n<a class=\"moz-txt-link-freetext\" href=\"http:\/\/www.frauen-gegen-vergewaltigung.at\/\">http:\/\/www.frauen-gegen-vergewaltigung.at\/<\/a><\/p>\n<p>Fachstelle f\u00fcr Pr\u00e4vention &#8211; gegen sexualisierte Gewalt, Graz:<br \/>\n<a class=\"moz-txt-link-freetext\" href=\"http:\/\/www.hazissa.at\/\">http:\/\/www.hazissa.at\/<\/a><\/p>\n<p>Ninlil \u2013 Gegen sexuelle Gewalt an Frauen mit Lernschwierigkeiten und Mehrfachbehinderungen:<br \/>\n<a class=\"moz-txt-link-freetext\" href=\"http:\/\/www.service4u.at\/ninlil\/\">http:\/\/www.ninlil.at\/<\/a><\/p>\n<p>Wei\u00dfer Ring \u00d6sterreich &#8211; Die Kriminalit\u00e4tsopferhilfe:<br \/>\n<a class=\"moz-txt-link-freetext\" href=\"http:\/\/www.weisser-ring.at\/\">http:\/\/www.weisser-ring.at\/<\/a><\/p>\n<p>Psychosoziale und juristische Prozessbegleitung bei Gewalt gegen Kinder und Jugendliche (\u00d6sterreich):<br \/>\n<a class=\"moz-txt-link-freetext\" href=\"http:\/\/member.ycn.com\/%7Eprozess\/\">http:\/\/member.ycn.com\/~prozess\/<\/a><\/p>\n<p>Das Projekt &#8222;Inspektor          Lux&#8220; ist eine einst\u00fcndige, interaktive Kinderveranstaltung,          vorwiegend in Volksschulen, als Prim\u00e4rpr\u00e4vention gegen &#8222;Kindesmissbrauch          und Gewalt&#8220;:<br \/>\n<a class=\"moz-txt-link-freetext\" href=\"http:\/\/www.inspektorlux.at\/\">http:\/\/www.inspektorlux.at\/<\/a><\/p>\n<p>Hilfe bei Diskriminierung und sexueller Gewalt im Sport (\u00d6sterreich):<br \/>\n<a class=\"moz-txt-link-freetext\" href=\"http:\/\/www.askoe-wien.at\/frauen\/callforgirls\/\">http:\/\/www.askoe-wien.at\/frauen\/callforgirls\/<\/a><\/p>\n<p>(Sexuelle) Gewalt gegen behinderte Frauen und M\u00e4dchen (\u00d6sterreich):<br \/>\n<a class=\"moz-txt-link-freetext\" href=\"http:\/\/www.einmischen-mitmischen.de\/gewalt\/ausmass.html\">http:\/\/www.einmischen-mitmischen.de\/gewalt\/index.html<\/a><\/p>\n<p>Helpchat:<br \/>\n<a class=\"moz-txt-link-freetext\" href=\"http:\/\/www.haltdergewalt.at\/cgi-bin\/gtchat\/chat.cgi\">http:\/\/www.haltdergewalt.at\/cgi-bin\/gtchat\/chat.cgi<\/a><\/p>\n<p>Schweizer Verein gegen sexuellen Missbrauch (von Betroffenen, mit Texten, Musik, Bildern&#8230;)<br \/>\n<a href=\"http:\/\/www.sexuellermissbrauch.ch\/\"> http:\/\/www.sexuellermissbrauch.ch\/<\/a><\/p>\n<p>Radio-DJs gegen Kindesmissbrauch<br \/>\n<font face=\"Arial\" size=\"2\"><a title=\"http:\/\/www.djs-gegen-kindesmissbrauch.de STRG + Klicken, um Verkn\u00fcpfung zu folgen\" href=\"http:\/\/www.djs-gegen-kindesmissbrauch.de\/\">http:\/\/www.djs-gegen-kindesmissbrauch.de<\/a><\/font><\/p>\n","protected":false},"excerpt":{"rendered":"<p>Das ist eine Sammlung von Links zu Seiten aus \u00d6sterreich und Deutschland, die f\u00fcr Betroffene und alle anderen interessant sein k\u00f6nnen. Nein! &#8211; Gemeinsam gegen Kindesmissbrauch (D) Beratungsstelle TARA &#8211; Erste Hilfe f\u00fcr Betroffene (A) Tamar &#8211; Beratungsstelle f\u00fcr misshandelte &hellip; <a href=\"https:\/\/blog.radiofabrik.at\/talkaboutit\/links\/\">Weiterlesen <span class=\"meta-nav\">&rarr;<\/span><\/a><\/p>\n","protected":false},"author":2,"featured_media":0,"parent":0,"menu_order":0,"comment_status":"open","ping_status":"open","template":"","meta":{"footnotes":""},"class_list":["post-16","page","type-page","status-publish","hentry"],"_links":{"self":[{"href":"https:\/\/blog.radiofabrik.at\/talkaboutit\/wp-json\/wp\/v2\/pages\/16","targetHints":{"allow":["GET"]}}],"collection":[{"href":"https:\/\/blog.radiofabrik.at\/talkaboutit\/wp-json\/wp\/v2\/pages"}],"about":[{"href":"https:\/\/blog.radiofabrik.at\/talkaboutit\/wp-json\/wp\/v2\/types\/page"}],"author":[{"embeddable":true,"href":"https:\/\/blog.radiofabrik.at\/talkaboutit\/wp-json\/wp\/v2\/users\/2"}],"replies":[{"embeddable":true,"href":"https:\/\/blog.radiofabrik.at\/talkaboutit\/wp-json\/wp\/v2\/comments?post=16"}],"version-history":[{"count":0,"href":"https:\/\/blog.radiofabrik.at\/talkaboutit\/wp-json\/wp\/v2\/pages\/16\/revisions"}],"wp:attachment":[{"href":"https:\/\/blog.radiofabrik.at\/talkaboutit\/wp-json\/wp\/v2\/media?parent=16"}],"curies":[{"name":"wp","href":"https:\/\/api.w.org\/{rel}","templated":true}]}}