{"id":14,"date":"2020-05-04T12:30:55","date_gmt":"2020-05-04T12:30:55","guid":{"rendered":"https:\/\/blog.radiofabrik.at\/telltogether\/?page_id=14"},"modified":"2020-05-22T10:40:21","modified_gmt":"2020-05-22T10:40:21","slug":"telltogether","status":"publish","type":"page","link":"https:\/\/blog.radiofabrik.at\/telltogether\/","title":{"rendered":""},"content":{"rendered":"\n<div class=\"wp-block-image\"><figure class=\"aligncenter size-large is-resized\"><img loading=\"lazy\" decoding=\"async\" src=\"https:\/\/blog.radiofabrik.at\/telltogether\/files\/2020\/05\/LogoCovidBubblesThinSchriftzug-1024x814.png\" alt=\"\" class=\"wp-image-83\" width=\"360\" height=\"285\" srcset=\"https:\/\/blog.radiofabrik.at\/telltogether\/files\/2020\/05\/LogoCovidBubblesThinSchriftzug-1024x814.png 1024w, https:\/\/blog.radiofabrik.at\/telltogether\/files\/2020\/05\/LogoCovidBubblesThinSchriftzug-300x238.png 300w, https:\/\/blog.radiofabrik.at\/telltogether\/files\/2020\/05\/LogoCovidBubblesThinSchriftzug-768x610.png 768w, https:\/\/blog.radiofabrik.at\/telltogether\/files\/2020\/05\/LogoCovidBubblesThinSchriftzug-1536x1221.png 1536w, https:\/\/blog.radiofabrik.at\/telltogether\/files\/2020\/05\/LogoCovidBubblesThinSchriftzug.png 1709w\" sizes=\"auto, (max-width: 360px) 100vw, 360px\" \/><\/figure><\/div>\n\n\n\n<hr class=\"wp-block-separator is-style-wide\" \/>\n\n\n\n<h2 class=\"has-text-align-center wp-block-heading\"><a href=\"https:\/\/tell-together.at\/aufnehmen\/\">Aufnehmen<br><\/a><a href=\"https:\/\/tell-together.at\/anhoeren\/\">Anh\u00f6ren<\/a><br><a href=\"https:\/\/tell-together.at\/faq\/\">FAQ<\/a><br><a href=\"https:\/\/tell-together.at\/category\/news\">Blog<\/a><\/h2>\n\n\n\n<h2 class=\"has-text-align-center wp-block-heading\"><strong>Willkommen bei \u201eTellTogether\u201c<\/strong><\/h2>\n\n\n\n<h3 class=\"has-text-align-center wp-block-heading\"><strong>Dem Kollaborativen H\u00f6rspielprojekt in der Corona \u00c4ra<\/strong><\/h3>\n\n\n\n<p><strong>Wir fragen, ihr antwortet. <\/strong>Die Welt ist in st\u00e4ndigem Wandel, doch manchmal gibt es Ereignisse, die tiefgreifender und pl\u00f6tzlicher alles ver\u00e4ndern, als man es gew\u00f6hnt ist. Diese Ereignisse sind oft historisch einschneidend und bleiben nicht nur in den Geschichtsb\u00fcchern in Erinnerung. <\/p>\n\n\n\n<p>So ist es auch mit der Corona-Krise. <strong>Wie wird diese eigentlich wahrgenommen?<\/strong><br>Wir schreiten in eine &#8222;neue Normalit\u00e4t&#8220;. <strong>Wie wird und soll diese aussehen? <\/strong><\/p>\n\n\n\n<p>Wir wollen hier gemeinsam mit Euch einen Beitrag leisten und ein Zeitdokument erstellen. Und zwar in Form eines <strong>gemeinschaftlichen H\u00f6rspiels<\/strong>. Wir stellen euch Fragen und Erg\u00e4nzungss\u00e4tze und ihr sendet uns eure Aufnahmen. Dabei werden eure Stimmen zu einem <strong>vielstimmigen Gesamtbild<\/strong>. Zur Geschichte der Gegenwart.<\/p>\n\n\n\n<p> \u201e<em>Das Protokoll der Krise ist vielstimmig und wirr wie die Krise selbst.<\/em>\u201c [sueddeutsche, 16.4.2020]<\/p>\n\n\n\n<p style=\"background-color:#e0f3fc;font-size:23px\" class=\"has-background has-text-align-center\">Klickt auf <a href=\"https:\/\/tell-together.at\/aufnehmen\/\">Aufnehmen<\/a> oder <a href=\"https:\/\/tell-together.at\/faq\/\">FAQ <\/a>um mehr zu erfahren. <\/p>\n\n\n\n<p style=\"font-size:20px\" class=\"has-text-align-center\"><strong>Save the Date!! &gt;<\/strong> Premiere: 30.8.2020, 18:00 live auf der <a href=\"http:\/\/radiofabrik.at\">Radiofabrik<\/a>. <strong>&lt; Save the Date!!<\/strong><br>Frequenz: 107,5 &amp; 97,3MHz<br>Danach Ver\u00f6ffentlichung des H\u00f6rspiels auf unserer Website.<\/p>\n\n\n\n<div class=\"wp-block-image\"><figure class=\"aligncenter size-large is-resized\"><img loading=\"lazy\" decoding=\"async\" src=\"https:\/\/tell-together.at\/files\/2020\/05\/AnkuendigungsPlakat-1024x653.png\" alt=\"\" class=\"wp-image-419\" width=\"495\" height=\"315\" srcset=\"https:\/\/blog.radiofabrik.at\/telltogether\/files\/2020\/05\/AnkuendigungsPlakat-1024x653.png 1024w, https:\/\/blog.radiofabrik.at\/telltogether\/files\/2020\/05\/AnkuendigungsPlakat-300x191.png 300w, https:\/\/blog.radiofabrik.at\/telltogether\/files\/2020\/05\/AnkuendigungsPlakat-768x490.png 768w, https:\/\/blog.radiofabrik.at\/telltogether\/files\/2020\/05\/AnkuendigungsPlakat-1536x980.png 1536w, https:\/\/blog.radiofabrik.at\/telltogether\/files\/2020\/05\/AnkuendigungsPlakat-2048x1307.png 2048w\" sizes=\"auto, (max-width: 495px) 100vw, 495px\" \/><\/figure><\/div>\n","protected":false},"excerpt":{"rendered":"<p>AufnehmenAnh\u00f6renFAQBlog Willkommen bei \u201eTellTogether\u201c Dem Kollaborativen H\u00f6rspielprojekt in der Corona \u00c4ra Wir fragen, ihr antwortet. Die Welt ist in st\u00e4ndigem Wandel, doch manchmal gibt es Ereignisse, die tiefgreifender und pl\u00f6tzlicher alles ver\u00e4ndern, als man es gew\u00f6hnt ist. Diese Ereignisse sind oft historisch einschneidend und bleiben nicht nur in den Geschichtsb\u00fcchern in Erinnerung. So ist es [&hellip;]<\/p>\n","protected":false},"author":753,"featured_media":0,"parent":0,"menu_order":0,"comment_status":"closed","ping_status":"closed","template":"","meta":{"gt_page_layout":"","gt_hide_page_title":false,"gt_remove_bottom_margin":false,"footnotes":""},"class_list":["post-14","page","type-page","status-publish","hentry"],"_links":{"self":[{"href":"https:\/\/blog.radiofabrik.at\/telltogether\/wp-json\/wp\/v2\/pages\/14","targetHints":{"allow":["GET"]}}],"collection":[{"href":"https:\/\/blog.radiofabrik.at\/telltogether\/wp-json\/wp\/v2\/pages"}],"about":[{"href":"https:\/\/blog.radiofabrik.at\/telltogether\/wp-json\/wp\/v2\/types\/page"}],"author":[{"embeddable":true,"href":"https:\/\/blog.radiofabrik.at\/telltogether\/wp-json\/wp\/v2\/users\/753"}],"replies":[{"embeddable":true,"href":"https:\/\/blog.radiofabrik.at\/telltogether\/wp-json\/wp\/v2\/comments?post=14"}],"version-history":[{"count":32,"href":"https:\/\/blog.radiofabrik.at\/telltogether\/wp-json\/wp\/v2\/pages\/14\/revisions"}],"predecessor-version":[{"id":421,"href":"https:\/\/blog.radiofabrik.at\/telltogether\/wp-json\/wp\/v2\/pages\/14\/revisions\/421"}],"wp:attachment":[{"href":"https:\/\/blog.radiofabrik.at\/telltogether\/wp-json\/wp\/v2\/media?parent=14"}],"curies":[{"name":"wp","href":"https:\/\/api.w.org\/{rel}","templated":true}]}}