{"id":63,"date":"2014-12-02T10:11:00","date_gmt":"2014-12-02T09:11:00","guid":{"rendered":"http:\/\/blog.radiofabrik.at\/tuningup\/?page_id=63"},"modified":"2015-09-01T11:01:17","modified_gmt":"2015-09-01T09:01:17","slug":"tuning-kuerze","status":"publish","type":"page","link":"https:\/\/blog.radiofabrik.at\/tuningup\/tuning-kuerze\/","title":{"rendered":"Tuning Up in K\u00fcrze"},"content":{"rendered":"<p><a href=\"https:\/\/blog.radiofabrik.at\/tuningup\/files\/2014\/12\/IMG_2283.jpg\"><img loading=\"lazy\" decoding=\"async\" class=\"alignnone size-medium wp-image-87\" src=\"https:\/\/blog.radiofabrik.at\/tuningup\/files\/2014\/12\/IMG_2283-300x225.jpg\" alt=\"IMG_2283\" width=\"300\" height=\"225\" srcset=\"https:\/\/blog.radiofabrik.at\/tuningup\/files\/2014\/12\/IMG_2283-300x225.jpg 300w, https:\/\/blog.radiofabrik.at\/tuningup\/files\/2014\/12\/IMG_2283-1024x768.jpg 1024w, https:\/\/blog.radiofabrik.at\/tuningup\/files\/2014\/12\/IMG_2283-400x300.jpg 400w\" sizes=\"auto, (max-width: 300px) 100vw, 300px\" \/><\/a><\/p>\n<p class=\"bodytext\">Diese Sendung hat keine Vorbilder.<\/p>\n<p class=\"bodytext\">Die Themenschwerpunkte dieses H\u00f6rereignisses ergeben sich Monat f\u00fcr Monat aus den Tops und Flops der Magazine und Feuilletons, aus dem Spektrum der musikwissenschaftlichen Chronik, durch Zurufe aus dem Publikum oder durch Losentscheid.<\/p>\n<p class=\"bodytext\">Pointiert und redundant, aktuell und zeitlos, vielf\u00e4ltig und fokussiert gehen Erik und Paul jeden ersten und, sofern es ihn gibt, auch jeden f\u00fcnften Montag im Monat um 21.00 Uhr on Air, spielen Musik und helfen beim Zuh\u00f6ren.<\/p>\n<p class=\"bodytext\">Live-G\u00e4ste k\u00f6nnen ebenso f\u00fcr \u00dcberraschung sorgen wie Feldausfl\u00fcge in der n\u00e4heren und weiteren Umgebung.<\/p>\n<p class=\"bodytext\">Und&#8230;.Echo erw\u00fcnscht&#8230;..<span style=\"font-size: 10pt\">Echo erw\u00fcnscht&#8230;..<\/span><span style=\"font-size: 8pt\">Echo erw\u00fcnscht&#8230;..<br \/>\n<\/span><\/p>\n<p class=\"bodytext\"><b>Sendezeiten:<\/b> 1. Montag im Monat um 21.00 Uhr<br \/>\n<b>Kontakt:<\/b> <a class=\"mail\" title=\"Opens window for sending email\" href=\"mailto:tuning_up@gmx.at\">tuning_up(at)gmx(dot)at<\/a><\/p>\n","protected":false},"excerpt":{"rendered":"<p>Diese Sendung hat keine Vorbilder. Die Themenschwerpunkte dieses H\u00f6rereignisses ergeben sich Monat f\u00fcr Monat aus den Tops und Flops der Magazine und Feuilletons, aus dem Spektrum der musikwissenschaftlichen Chronik, durch Zurufe aus dem Publikum oder durch Losentscheid. Pointiert und redundant, &hellip; <a href=\"https:\/\/blog.radiofabrik.at\/tuningup\/tuning-kuerze\/\">Weiterlesen <span class=\"meta-nav\">&rarr;<\/span><\/a><\/p>\n","protected":false},"author":686,"featured_media":0,"parent":0,"menu_order":0,"comment_status":"open","ping_status":"open","template":"","meta":{"footnotes":""},"class_list":["post-63","page","type-page","status-publish","hentry"],"_links":{"self":[{"href":"https:\/\/blog.radiofabrik.at\/tuningup\/wp-json\/wp\/v2\/pages\/63","targetHints":{"allow":["GET"]}}],"collection":[{"href":"https:\/\/blog.radiofabrik.at\/tuningup\/wp-json\/wp\/v2\/pages"}],"about":[{"href":"https:\/\/blog.radiofabrik.at\/tuningup\/wp-json\/wp\/v2\/types\/page"}],"author":[{"embeddable":true,"href":"https:\/\/blog.radiofabrik.at\/tuningup\/wp-json\/wp\/v2\/users\/686"}],"replies":[{"embeddable":true,"href":"https:\/\/blog.radiofabrik.at\/tuningup\/wp-json\/wp\/v2\/comments?post=63"}],"version-history":[{"count":5,"href":"https:\/\/blog.radiofabrik.at\/tuningup\/wp-json\/wp\/v2\/pages\/63\/revisions"}],"predecessor-version":[{"id":243,"href":"https:\/\/blog.radiofabrik.at\/tuningup\/wp-json\/wp\/v2\/pages\/63\/revisions\/243"}],"wp:attachment":[{"href":"https:\/\/blog.radiofabrik.at\/tuningup\/wp-json\/wp\/v2\/media?parent=63"}],"curies":[{"name":"wp","href":"https:\/\/api.w.org\/{rel}","templated":true}]}}